test common divisor of f and 14.
14
Suppose d = 5*b + 9, 3*b = -d - b + 36. Suppose -3*g + 13 = -20*z + 21*z, -3*z = 3*g - 21. What is the highest common factor of d and g?
3
Suppose -2 = -4*n + 54. Suppose -44 = -4*f - 4*b, f = -4*b + 5*b + 17. What is the greatest common factor of f and n?
14
Suppose 10*s = 6*s + 8. Suppose 5 = 3*q - 1. What is the highest common divisor of s and q?
2
Let q(o) = -2*o. Let z(u) = -u**2 + 9*u - 16. Let b be z(8). Let p be q(b). What is the greatest common divisor of 112 and p?
16
Let s = 10 - 5. Let n(o) = o**2 + 3*o - 1. Let a be n(-5). Suppose -66 - a = -5*g. Calculate the greatest common divisor of s and g.
5
Let v = 176 - 96. Calculate the greatest common divisor of v and 96.
16
Let z be ((-3)/2)/(9/24). Let o be (-1 - -25)*(-15)/z. Suppose -2*q + o = -2*l, -q - l + 43 = -0*q. What is the highest common divisor of 4 and q?
4
Suppose -2*y - 18 = -22. Suppose y*w - 22 = 26. What is the greatest common factor of w and 132?
12
Let o = 72 + -54. Let g be ((-6)/o)/(3/(-9)). Calculate the greatest common divisor of 12 and g.
1
Suppose -4*p - 2*h - 2*h + 116 = 0, -5*p = -5*h - 155. Calculate the highest common factor of 330 and p.
30
Let z = 2963 + -2944. Suppose 90 = j - 62. Calculate the highest common divisor of j and z.
19
Suppose 3*m - 234 = m - 2*f, 3*m - 366 = 2*f. Let n be (m - 1) + -5 + 1. What is the greatest common divisor of n and 46?
23
Suppose -4*f - 28 = -4*s - 4, 2*s = -4*f. Let t be -3*2/(-3) - f. Suppose -9 = -t*b - 1. What is the greatest common factor of b and 5?
1
Let f be (-168)/(-8) - 1*3. Let k = 154 + -64. What is the greatest common divisor of k and f?
18
Suppose -3*k + 4*h + 0 = -20, 3*k = 3*h + 21. Let o(v) = 12*v**3 - v. Let m be o(-1). Let l = m - -19. Calculate the greatest common factor of k and l.
8
Let r(m) be the second derivative of -2*m**3/3 - 2*m**2 - 3*m. Let b be r(-2). Let l(o) = 3*o + 6. Let s be l(b). What is the highest common factor of 27 and s?
9
Let z be 35*(3 - 48/20). Let j = z - 21. Suppose -f - 3*o + 24 = 0, 19 = f - j*f + 2*o. What is the highest common divisor of 36 and f?
9
Suppose 5*q - 6 = 3*q. Suppose q*l - 2 = 10. Suppose -69 = -l*h - 9. What is the highest common divisor of 45 and h?
15
Suppose -5*f = -14 - 6. Suppose -w = -f*w + 417. Let z = w - 27. What is the greatest common factor of z and 14?
14
Suppose 3*h = 2*h - q + 7, 0 = -5*q + 10. Suppose m = g + 2*m - 10, 2*g - 17 = -h*m. What is the highest common divisor of 11 and g?
11
Suppose 6*u - 37 = 17. Calculate the highest common divisor of u and 12.
3
Let n be (-1)/(((-5)/(-2))/5). Let t be n - -1 - (-5)/5. Suppose t = l - 3*l + 10. What is the greatest common divisor of 45 and l?
5
Let g be (6 + -2)/(4/50). Suppose 33*x = 19*x + 1050. Calculate the highest common divisor of x and g.
25
Suppose -5*k - 5*j + 675 = 0, -2*j + 5*j = 0. What is the greatest common divisor of k and 18?
9
Let u(y) = -3*y**2 - 4 - 5 + 3 - 4 + 6*y. Let o be u(7). Let a = o - -190. What is the greatest common factor of 15 and a?
15
Let s = -1206 + 1225. What is the highest common factor of s and 2831?
19
Let u be 120 + (-36)/(-7) + 26/(-182). Suppose -1 - 5 = -3*t. Suppose 0 = t*f + 15 - 115. Calculate the greatest common factor of u and f.
25
Let x(m) = -m**2 - 46*m + 428. Let k be x(-53). Suppose 2*i - 24 = -140. Let b be i/(-3) + 1/(-3). Calculate the highest common factor of b and k.
19
Suppose 0 = -5*m + 4*b - 4, -2*m + 2*b = 2 - 0. Let l be (-3 - m)*(-11 - -6 - -2). Calculate the greatest common factor of l and 3.
3
Let v(m) = 9*m - 2. Let q be v(2). Suppose 0 = 11*h + 19 - 85. Suppose -2*n - h = -10. What is the highest common divisor of q and n?
2
Let a(w) = 11*w - 5. Let s(z) = 10*z - 4. Let m(d) = -3*a(d) + 4*s(d). Let r be m(1). Suppose -3*f = 3 - 15. What is the highest common divisor of f and r?
2
Suppose -5*j + 2*i + 996 = 0, -4*j + 4*i + 656 = -148. What is the highest common factor of j and 90?
18
Suppose 5*a = 20, a + 716 = 4*m + m. Let d = -4 + -3. Let g be (d/3 - -3)*24. Calculate the greatest common factor of m and g.
16
Let o be 16/(-6)*(-12)/16. Let m be -1 - ((-6)/o - -1). Suppose -w - 2*z = -3, -3*w + 3*z + 41 = z. Calculate the highest common factor of w and m.
1
Let t be 5 - (9 - 157) - -7. Calculate the greatest common factor of t and 220.
20
Let h = 1286 + -1191. Calculate the greatest common divisor of h and 19.
19
Let c(l) be the first derivative of l**3/3 - 2*l**2 - 4*l + 2. Let d be c(8). Calculate the greatest common factor of d and 7.
7
Let r be 10 - (5 + -4 + 4). Suppose -r*b + 7 + 213 = 0. What is the highest common factor of 22 and b?
22
Suppose -8 + 2 = -2*h. Suppose -l - 100 = -5*x, 0 = -5*x + 4*x - h*l + 20. What is the greatest common factor of 10 and x?
10
Let u = -579 + 1209. Calculate the greatest common divisor of 10 and u.
10
Suppose 896 = -114*j + 11612. What is the highest common divisor of 329 and j?
47
Let c(i) = i**2 + 2*i - 12. Let h be c(-8). Suppose -7 - 1 = r. Let v = r - -12. What is the greatest common divisor of h and v?
4
Let q(y) = -y**3 - 6*y**2 - 5*y + 7. Let g be q(-5). Suppose g*t = 143 - 59. What is the highest common divisor of t and 12?
12
Let i = 1973 + -1885. What is the greatest common factor of 8 and i?
8
Suppose -2*a - 8 = -0*y - y, -2*a = -2. Suppose -9*i - 140 = -11*i - 4*h, -h + 155 = 2*i. What is the highest common factor of i and y?
10
Let t = 2 - -17. Let l = 5 + 14. Calculate the greatest common factor of l and t.
19
Let k(a) = 2*a + 46. Let h be k(-20). Calculate the highest common factor of 246 and h.
6
Let r(w) = -w**2 + 72*w + 195. Let q be r(58). What is the highest common factor of q and 159?
53
Suppose 900 = 23*x - 8*x. Calculate the highest common divisor of x and 150.
30
Let y(w) = w**3 + 20*w**2 + 16*w - 23. Let a be y(-19). Let m = 30 - a. Let p be m/8*2 + 13. What is the greatest common divisor of 12 and p?
12
Let t = -201 + 82. Suppose w = 3*w - 348. Let h = w + t. What is the highest common factor of h and 11?
11
Let j(y) be the third derivative of y**6/120 + y**5/6 - y**4/2 + 2*y**3/3 - 19*y**2. Let q be j(-11). What is the highest common factor of 15 and q?
15
Let b(t) = 38*t + 97. Let p be b(0). Suppose -5*f + 1083 = -2*f. Let v = f - p. What is the greatest common factor of 24 and v?
24
Let m(z) = 20*z**3 + 98*z**2 - 17*z - 3. Let j be m(-5). Calculate the greatest common divisor of j and 1504.
32
Let p be -5*3/((-30)/16). Let r(s) = 9*s - 3*s**3 + 7 + 10*s**2 + 3*s - 2*s**3 + 6*s**3. Let w be r(-5). Calculate the highest common divisor of w and p.
8
Let g be 1*(5 - 16/4). Let k(o) = 5*o**2 + o. Let m be k(g). What is the highest common factor of m and 15?
3
Let g = 1972 + -1912. Let r = -44 - -84. Calculate the highest common divisor of r and g.
20
Let b(f) = -f + 19. Let p be b(8). Suppose w - 7 = -4. Suppose -7 = y - w, x - 3*y = 34. What is the greatest common divisor of x and p?
11
Let q(c) = 7*c - 10. Let u be q(2). Suppose -u*b - 624 = -10*b. What is the highest common factor of 8 and b?
8
Let s be (-10)/(-4)*-2*10/(-1). Let o be (-21)/7 + 126 + 2. What is the greatest common factor of o and s?
25
Let h(t) = -78*t + 59*t + 24 + 19 + 35*t. Let i be h(10). Calculate the highest common factor of i and 29.
29
Suppose 4*o - o = 3. Let c = o - -22. Calculate the greatest common divisor of 161 and c.
23
Let x be 2 - (-1 + (1 - 2)). Let q be 142/x + 1/(-2). Suppose 0 = -5*k - 4*d - 5 + 18, -k - d = -2. Calculate the greatest common factor of q and k.
5
Let j = 41 + -25. Let q(v) = v**2 + 2*v. Let x be q(1). Suppose l - 25 = 5*f, -2*l + 54 + 35 = x*f. What is the highest common divisor of j and l?
8
Suppose 74*y - 2*t = 75*y - 415, -t + 419 = y. What is the greatest common factor of y and 235?
47
Let x(f) be the second derivative of f**3/3 + 13*f**2/2 + 5*f. Let n be x(7). Let b = -25 + n. What is the highest common factor of b and 18?
2
Suppose -2*l - 7 = -17. Suppose 222 = l*r + 87. Calculate the highest common divisor of r and 9.
9
Suppose -2*r - 4*i + 17 = -11, 0 = -2*r + 3*i + 49. Suppose 39 = 3*m - 81. What is the highest common divisor of r and m?
20
Let g = 1072 - 871. Calculate the highest common factor of g and 871.
67
Let f = 78 + -74. Suppose -2*x - x = -3*n + 42, 5*n + f*x = 97. Let v(q) = 4*q**2 + 2*q + 4. Let h be